 -2*c + 69. Calculate the remainder when 28 is divided by m(y).
13
Let t = -22 + 35. What is the remainder when (-8)/18*(-31 + -9 - -13) - -6 is divided by t?
5
Let o(b) = -b - 9. Let n be o(-2). Let i(p) = -33*p - 146. What is the remainder when i(n) is divided by 6/(-15) - 152/(-5)?
25
Let i = 6923 + -6944. Let u(d) = 9*d + 4. Let o be u(4). Let k = i + o. Calculate the remainder when 71 is divided by k.
14
Let u(w) = -2*w + 213. Let s be u(10). Let a = 213 - s. What is the remainder when 45 is divided by a?
5
Suppose 5*v = -63 - 17. Let y(h) = h**2 + 11*h + 30. What is the remainder when y(v) is divided by 16?
14
Let r be (15 + 0)/(6/(-12)). Let k(z) = z**2 + 18*z + 3. Let t be k(-15). Let p = r - t. What is the remainder when p is divided by 5?
2
Let l(i) = 6*i**3 - 27*i**2 - 5*i - 2. Calculate the remainder when 4271 is divided by l(5).
47
Let c = 30137 + -30073. What is the remainder when 505 is divided by c?
57
Suppose -3*b - 4*d + 16 = -97, 4*d = 5*b - 263. What is the remainder when 6812 is divided by b?
44
Suppose -8311 = -9*y - 112. Suppose 4*p + a = y, 9*p = 12*p - 4*a - 707. Calculate the remainder when p is divided by 49.
33
Let s(j) = j**3 + 46*j**2 - 75*j - 1275. Let a = -1 - -6. Suppose 3*k - 347 = a*y, k - 2*y = -0*k + 115. Calculate the remainder when k is divided by s(-47).
37
Suppose 3*o = -2*i + 33, 4*o - 44 = 5*i + 23. Calculate the remainder when 6120 is divided by o.
10
Let s(m) = m**2 - 5*m - 8. Let x be s(6). Suppose -19 = 5*l + 3*k, l - k = 3*k + 10. Calculate the remainder when 65 is divided by (-66)/(-3) - (l - x).
21
Let n(f) = -f**3 + 6*f**2 + 49*f - 45. What is the remainder when 3012 is divided by n(10)?
42
Let q(i) = -4*i + 142. Let d be q(34). Suppose 9*s = d*s + 96. Calculate the remainder when 382 is divided by s.
30
Let z be (4 + -6)/(-6 - -7). Calculate the remainder when (-29)/4*(-16 - (z - 2)) is divided by 18.
15
Suppose -1140 = -x + 4*i, 17*x - 2*i = 19*x - 2240. What is the remainder when x is divided by 188?
184
Suppose 4*b - 16 = 4*j + 24, -4*b + 28 = 2*j. Suppose -b = 4*p + 80. What is the remainder when (-510)/p + 4/(-22) is divided by 15?
8
Suppose -b - 220 = -2*r, -4 = 1671*b - 1672*b. Calculate the remainder when r is divided by 1/((-1)/(-24) - 0).
16
Suppose 5215 = 15*c + 2785. What is the remainder when 519 is divided by c?
33
Let v(f) = 3*f**3 - 3*f**2 + 3*f. What is the remainder when (-254)/(-2) - (4/2 - -4) is divided by v(2)?
13
Let s(m) = -62 + 27 - 50 - 36 - 46*m. Calculate the remainder when s(-5) is divided by 34.
7
Suppose 14 = -9*i - 31. What is the remainder when 38 is divided by i/2 - 564/(-24)?
17
Let r(z) = -z**3 - 2*z**2 + 80*z + 365. Calculate the remainder when 204 is divided by r(-7).
4
Let s = 6 - 10. Let r be 2/8 - (23/s - -2). Suppose 4*b - 3*n + 125 = 6*b, -r*b = 4*n - 244. What is the remainder when b is divided by 20?
18
Suppose -3*x = -4*j - 76, 155 = -44*x + 49*x - j. Calculate the remainder when 2830 is divided by x.
14
Let h(u) = -u**3 + 53*u**2 - 98*u - 153. What is the remainder when 89 is divided by h(51)?
38
Let x = -22556 - -22693. What is the remainder when 329 is divided by x?
55
Let j = -150 + 483. Let g = j + -202. Suppose -3*r - 110 + 46 = -q, 2*q = 3*r + g. Calculate the remainder when q is divided by 14.
11
Let j = 20401 - 20348. Calculate the remainder when 1523 is divided by j.
39
Suppose 66*s - 5119 = 3433 + 3592. Calculate the remainder when 227 is divided by s.
43
Let k(d) = 5*d + 129. Let u be k(-18). Suppose -8*h = -11*h - 3*y + u, 2*h - y - 11 = 0. What is the remainder when 46 is divided by h?
6
Let l(g) = 67*g**2 + 60*g - 176. What is the remainder when l(3) is divided by 108?
67
Suppose 0 = -5*a + 4*f + 16, -4*a + a = -4*f - 16. Suppose -51 = -c - a*c. What is the remainder when c is divided by ((-135)/(-54))/(10/72)?
15
Calculate the remainder when 2/(-2)*2*(-94 + -206) is divided by 286.
28
Let s = -353 + 369. Suppose -s*l = -19*l - 3, -3*l + 67 = 5*p. Suppose 8*x - 4*x - 264 = 0. Calculate the remainder when x is divided by p.
10
Let p = -9 - -39. Suppose 4*z + 4*y = -1 + 9, -5*y - p = -3*z. What is the remainder when 2 + 100 + z + -4 is divided by 15?
13
Calculate the remainder when (-23)/69*(-1044)/2 is divided by ((-444)/(-20))/3*5.
26
Suppose -4*d = -7*d - 606. Let q be -111 - (13/((-39)/(-18)))/1. Let g = q - d. Calculate the remainder when g is divided by 43.
42
Suppose 0 = -249*k + 268*k - 190. Suppose -2*s = 3*h - 0*h - 6, -5*h = 2*s - 14. What is the remainder when (-2 - -11)/s*-6 is divided by k?
8
Suppose 5*w = -281 - 249. Let b = w - -175. What is the remainder when 202 is divided by b?
64
Let o(j) = j**3 - 9*j**2 + j + 4. Let u(d) = -3*d - 12. Let w be u(-7). Let n be o(w). Let x(z) = -z + 24. Calculate the remainder when 54 is divided by x(n).
10
Let r be 10 + 1183/(-117) - 3205/(-9). Let c = r - 216. What is the remainder when c is divided by 48?
44
Suppose -x + 16 = 3*l, 6*l - 22 = 3*l + 2*x. What is the remainder when 1599 is divided by l?
3
Let z(v) = -v**3 - 5*v**2 + 8*v + 3. Let n be z(-6). Let w = n + 67. What is the remainder when w is divided by 28/1*(32 - 625/20)?
16
What is the remainder when 3232/34 - (-1)/(-17) is divided by 74?
21
Let w be ((-4)/(-10))/(33/(-165)). What is the remainder when (250 - 5)*(w - (-36)/15) is divided by 8?
2
Calculate the remainder when 1 + 4 - (-233 + 12) is divided by 71.
13
Let d be -3 + -2 + 5 + 3. What is the remainder when 52 + 3 + 5 + -6 + d is divided by 3?
0
Let p(l) = -2*l + 176. Let g = -121 + 196. Calculate the remainder when p(14) is divided by g.
73
Let w = 66 - -53. Let n = w + -47. What is the remainder when 61 is divided by 4 - (n/(-3) + -3)?
30
What is the remainder when 770 is divided by (-2)/(-5) + 53440/400?
100
Suppose -4*i + 206 = l, -l = -3*i - 176 - 51. What is the remainder when l is divided by 42?
8
Let r(j) = -j**2 + 12*j + 24*j - 10*j - 6 - 111. What is the remainder when 158 is divided by r(19)?
14
Suppose 0 = -14*a + 13380 + 5548. What is the remainder when a is divided by 11?
10
Let k(g) = -27*g - 32. Suppose -7*a = -125 - 57. What is the remainder when k(-5) is divided by a?
25
Suppose -23 = -10*x + 27. Suppose -4*k = -u - 170, -x*k + 5*u + 204 = 8*u. Suppose -2*n = n - k. Calculate the remainder when 23 is divided by n.
9
Let d(z) = z**3 + 52*z**2 + 594*z + 27. What is the remainder when 275 is divided by d(-35)?
27
Suppose 18 = 5*v + 4*v. Suppose 0 = -5*w - x + 30, x = -3*w + 14 + v. What is the remainder when 17 is divided by w?
3
Suppose -8*o = -6*o + 4*j - 24086, -2*o + 3*j = -24079. What is the remainder when o is divided by 9?
8
Let b(v) = -v**3 + 6*v**2 - 4*v - 7. Let t be b(5). Suppose -o + 25 + 20 = 2*p, -70 = -3*p - 4*o. Calculate the remainder when p is divided by t + 2/2*9.
1
Let m(j) = -j**3 - 16*j**2 - 34*j - 11. Let w be m(-8). Let d = w + 299. Calculate the remainder when 130 is divided by d.
34
Let f(y) = -y**3 - 6*y**2 + 23*y - 227. Calculate the remainder when 1551 is divided by f(-11).
51
Let r(j) = j + 13. Let l be r(-9). Let s(o) = -o - 31. Let h be s(5). Calculate the remainder when 16 is divided by (1 - 12/l)*h/8.
7
Suppose -41*j - 51*j + 11158 + 5954 = 0. Calculate the remainder when 439 is divided by j.
67
Suppose 5*t - 25 = 0, -324 = -4*i + 16*t - 20*t. What is the remainder when 1365 is divided by i?
73
Let k = 23 + -18. Suppose -j - 54 = -k*i, -5*i + i + 52 = -3*j. Suppose 4*v = z + i, -5*z + 0*v = 2*v - 38. What is the remainder when 16 is divided by z?
4
Suppose 0 = 29*r - 30*r + 33. Suppose 2*c = n + 72 - 0, -c - n = -r. Calculate the remainder when 64 is divided by c.
29
Let x(a) = -7*a**3 + 5*a**2 + 35*a + 135. What is the remainder when x(-4) is divided by 383?
140
Suppose 0 = -c + 3*c - 94. Let x be ((-24)/(-28))/((-36)/(-112))*-3. Calculate the remainder when (11736/48)/((-6)/x) is divided by c.
44
Let z = -927 - -934. Let u(v) be the second derivative of v**5/20 - 5*v**4/12 - 3*v**3/2 - 9*v**2/2 + 2*v. What is the remainder when 97 is divided by u(z)?
19
Suppose 59 = 4*i - 1845. Suppose -19*w + i = -2*w. Calculate the remainder when 82 is divided by w.
26
Suppose 0 = -f + 2*q - 2 + 8, 2*f + 3*q = 47. What is the remainder when 26173 is divided by f?
13
Let t be (3 - 1) + 10 - (-4)/(-1). Let m be (-7)/(((-18